{"id":67,"date":"2017-04-21T08:37:27","date_gmt":"2017-04-21T08:37:27","guid":{"rendered":"http:\/\/www.barcelonaarte.es\/AIR-redPoint\/?page_id=67"},"modified":"2025-12-17T10:24:22","modified_gmt":"2025-12-17T10:24:22","slug":"espanol","status":"publish","type":"page","link":"https:\/\/www.barcelonaarte.es\/index.php\/espanol\/","title":{"rendered":"ESPA\u00d1OL"},"content":{"rendered":"<h4 align=\"justify\"><em><span style=\"vertical-align: inherit;\"><span style=\"vertical-align: inherit;\"><span style=\"vertical-align: inherit;\"><span style=\"vertical-align: inherit;\">\u00abEl prop\u00f3sito es previo a la existencia\u00bb<\/span><\/span><\/span><\/span><\/em><\/h4>\n<p align=\"justify\"><img data-recalc-dims=\"1\" loading=\"lazy\" decoding=\"async\" data-attachment-id=\"528\" data-permalink=\"https:\/\/www.barcelonaarte.es\/index.php\/english\/sliderimage8\/\" data-orig-file=\"https:\/\/i0.wp.com\/www.barcelonaarte.es\/wp-content\/uploads\/sliderimage8.jpg?fit=2200%2C633&amp;ssl=1\" data-orig-size=\"2200,633\" data-comments-opened=\"0\" data-image-meta=\"{&quot;aperture&quot;:&quot;0&quot;,&quot;credit&quot;:&quot;&quot;,&quot;camera&quot;:&quot;&quot;,&quot;caption&quot;:&quot;&quot;,&quot;created_timestamp&quot;:&quot;0&quot;,&quot;copyright&quot;:&quot;&quot;,&quot;focal_length&quot;:&quot;0&quot;,&quot;iso&quot;:&quot;0&quot;,&quot;shutter_speed&quot;:&quot;0&quot;,&quot;title&quot;:&quot;&quot;,&quot;orientation&quot;:&quot;0&quot;}\" data-image-title=\"sliderimage8\" data-image-description=\"\" data-image-caption=\"\" data-medium-file=\"https:\/\/i0.wp.com\/www.barcelonaarte.es\/wp-content\/uploads\/sliderimage8.jpg?fit=500%2C144&amp;ssl=1\" data-large-file=\"https:\/\/i0.wp.com\/www.barcelonaarte.es\/wp-content\/uploads\/sliderimage8.jpg?fit=720%2C207&amp;ssl=1\" class=\"aligncenter size-full wp-image-528\" src=\"https:\/\/i0.wp.com\/www.barcelonaarte.es\/AIR-redPoint\/wp-content\/uploads\/sliderimage8.jpg?resize=720%2C207\" alt=\"\" width=\"720\" height=\"207\" srcset=\"https:\/\/i0.wp.com\/www.barcelonaarte.es\/wp-content\/uploads\/sliderimage8.jpg?w=2200&amp;ssl=1 2200w, https:\/\/i0.wp.com\/www.barcelonaarte.es\/wp-content\/uploads\/sliderimage8.jpg?resize=500%2C144&amp;ssl=1 500w, https:\/\/i0.wp.com\/www.barcelonaarte.es\/wp-content\/uploads\/sliderimage8.jpg?resize=768%2C221&amp;ssl=1 768w, https:\/\/i0.wp.com\/www.barcelonaarte.es\/wp-content\/uploads\/sliderimage8.jpg?resize=1600%2C460&amp;ssl=1 1600w, https:\/\/i0.wp.com\/www.barcelonaarte.es\/wp-content\/uploads\/sliderimage8.jpg?w=1440 1440w\" sizes=\"auto, (max-width: 720px) 100vw, 720px\" \/><\/p>\n<p align=\"justify\"><span style=\"vertical-align: inherit;\"><span style=\"vertical-align: inherit;\"><span style=\"vertical-align: inherit;\"><span style=\"vertical-align: inherit;\">RedPoint residencias de artistas ofrece un artista internacional que trabaja en medios visuales la oportunidad de desarrollar su proceso art\u00edstico. <\/span><\/span><\/span><\/span><br \/>\n<span style=\"vertical-align: inherit;\"><span style=\"vertical-align: inherit;\"><span style=\"vertical-align: inherit;\"><span style=\"vertical-align: inherit;\">La residencia se encuentra en el coraz\u00f3n art\u00edstico de Barcelona, \u200b\u200brodeada de las m\u00e1s prestigiosas galer\u00edas de arte, museos, y fundaciones. <\/span><\/span><\/span><span style=\"vertical-align: inherit;\"><span style=\"vertical-align: inherit;\"><span style=\"vertical-align: inherit;\">En una casa t\u00edpica del \u201cEixample\u201d, del SXIX, construida durante el per\u00edodo modernista catal\u00e1n. <\/span><\/span><\/span><span style=\"vertical-align: inherit;\"><span style=\"vertical-align: inherit;\"><span style=\"vertical-align: inherit;\">Amplia y luminosa, un estudio digital, un espacio de exhibici\u00f3n.<\/span><\/span><\/span><\/span><\/p>\n<p align=\"justify\"><span style=\"vertical-align: inherit;\"><span style=\"vertical-align: inherit;\"><span style=\"vertical-align: inherit;\"><span style=\"vertical-align: inherit;\">redPoint es un espacio autogestionado dedicado a un arte contempor\u00e1neo emergente (producci\u00f3n, formaci\u00f3n, investigaci\u00f3n y enlaces) centrado en las artes visuales. <\/span><\/span><\/span><span style=\"vertical-align: inherit;\"><span style=\"vertical-align: inherit;\"><span style=\"vertical-align: inherit;\">redPoint crea la infraestructura adecuada para que los artistas y los dise\u00f1adores que se presenten el ejercicio creativo y el discursivo puedan desarrollar un proyecto, experimentar, y hacer sin tener una presi\u00f3n comercial.<\/span><\/span><\/span><\/span><\/p>\n<p align=\"justify\"><span style=\"vertical-align: inherit;\"><span style=\"vertical-align: inherit;\">El objetivo principal es fomentar los procesos de experimentaci\u00f3n y autocr\u00edtica y el fin de incidir en la consolidaci\u00f3n de la identidad est\u00e9tica y la discursiva del artista. <\/span><span style=\"vertical-align: inherit;\">El objetivo principal de la tutor\u00eda es brindar informaci\u00f3n sobre c\u00f3mo utilizar las herramientas pr\u00e1cticas, as\u00ed como las pr\u00e1cticas te\u00f3ricas. <\/span><span style=\"vertical-align: inherit;\">Buscamos que el residente conozca mediante el contacto directo con los artistas locales, como resuelven day a day the ejercicio creative, as estructured and number to refer to referencial.<\/span><\/span><\/p>\n<p align=\"justify\"><span style=\"vertical-align: inherit;\"><span style=\"vertical-align: inherit;\">redPoint da prioridad al proceso del artista, apoyando su producci\u00f3n y desarrollo cr\u00edtico.<\/span><\/span><\/p>\n<p align=\"justify\"><span class=\"textesnegrita\"><span style=\"vertical-align: inherit;\"><span style=\"vertical-align: inherit;\">Qu\u00e9 ofrecemos:<\/span><\/span><\/span><\/p>\n<p align=\"justify\"><span style=\"vertical-align: inherit;\"><span style=\"vertical-align: inherit;\">+ taller de arte para trabajar<\/span><\/span><\/p>\n<p><span class=\"titols\"><span style=\"vertical-align: inherit;\"><span style=\"vertical-align: inherit;\">+ una exhibici\u00f3n de su trabajo en el centro de Barcelona<\/span><\/span><\/span><\/p>\n<p><span style=\"vertical-align: inherit;\"><span style=\"vertical-align: inherit;\">+ difusi\u00f3n de su evento<\/span><\/span><\/p>\n<p><span style=\"vertical-align: inherit;\"><span style=\"vertical-align: inherit;\">+ una presentaci\u00f3n privada de su trabajo a otros artistas<\/span><\/span><\/p>\n<p class=\"titolsMediano\" align=\"right\"><span class=\"titolsARTISTA\"><span style=\"vertical-align: inherit;\"><span style=\"vertical-align: inherit;\">Convocatoria abierta<\/span><\/span><\/span><br \/>\n<span style=\"vertical-align: inherit;\"><span style=\"vertical-align: inherit;\"> aceptamos solicitudes para 2026<\/span><\/span><\/p>\n<p class=\"titolsMediano\" align=\"right\">\u00a0 \u00a0 <a href=\"http:\/\/www.red03.com\" target=\"_blank\" rel=\"noopener\">\u00a0 <img data-recalc-dims=\"1\" loading=\"lazy\" decoding=\"async\" data-attachment-id=\"692\" data-permalink=\"https:\/\/www.barcelonaarte.es\/index.php\/english\/logoenface\/\" data-orig-file=\"https:\/\/i0.wp.com\/www.barcelonaarte.es\/wp-content\/uploads\/logoenFace.png?fit=150%2C150&amp;ssl=1\" data-orig-size=\"150,150\" data-comments-opened=\"0\" data-image-meta=\"{&quot;aperture&quot;:&quot;0&quot;,&quot;credit&quot;:&quot;&quot;,&quot;camera&quot;:&quot;&quot;,&quot;caption&quot;:&quot;&quot;,&quot;created_timestamp&quot;:&quot;0&quot;,&quot;copyright&quot;:&quot;&quot;,&quot;focal_length&quot;:&quot;0&quot;,&quot;iso&quot;:&quot;0&quot;,&quot;shutter_speed&quot;:&quot;0&quot;,&quot;title&quot;:&quot;&quot;,&quot;orientation&quot;:&quot;0&quot;}\" data-image-title=\"logoenFace\" data-image-description=\"\" data-image-caption=\"\" data-medium-file=\"https:\/\/i0.wp.com\/www.barcelonaarte.es\/wp-content\/uploads\/logoenFace.png?fit=150%2C150&amp;ssl=1\" data-large-file=\"https:\/\/i0.wp.com\/www.barcelonaarte.es\/wp-content\/uploads\/logoenFace.png?fit=150%2C150&amp;ssl=1\" class=\"wp-image-692 alignleft\" src=\"https:\/\/i0.wp.com\/www.barcelonaarte.es\/AIR-redPoint\/wp-content\/uploads\/logoenFace.png?resize=67%2C67\" alt=\"\" width=\"67\" height=\"67\" srcset=\"https:\/\/i0.wp.com\/www.barcelonaarte.es\/wp-content\/uploads\/logoenFace.png?w=150&amp;ssl=1 150w, https:\/\/i0.wp.com\/www.barcelonaarte.es\/wp-content\/uploads\/logoenFace.png?resize=50%2C50&amp;ssl=1 50w\" sizes=\"auto, (max-width: 67px) 100vw, 67px\" \/> \u00a0<\/a><a href=\"http:\/\/www.aptglobal.org\/en\/\" target=\"_blank\" rel=\"noopener\"><img data-recalc-dims=\"1\" loading=\"lazy\" decoding=\"async\" data-attachment-id=\"427\" data-permalink=\"https:\/\/www.barcelonaarte.es\/index.php\/logos\/200px-apt_logo\/\" data-orig-file=\"https:\/\/i0.wp.com\/www.barcelonaarte.es\/wp-content\/uploads\/200px-APT_logo.png?fit=200%2C25&amp;ssl=1\" data-orig-size=\"200,25\" data-comments-opened=\"0\" data-image-meta=\"{&quot;aperture&quot;:&quot;0&quot;,&quot;credit&quot;:&quot;&quot;,&quot;camera&quot;:&quot;&quot;,&quot;caption&quot;:&quot;&quot;,&quot;created_timestamp&quot;:&quot;0&quot;,&quot;copyright&quot;:&quot;&quot;,&quot;focal_length&quot;:&quot;0&quot;,&quot;iso&quot;:&quot;0&quot;,&quot;shutter_speed&quot;:&quot;0&quot;,&quot;title&quot;:&quot;&quot;,&quot;orientation&quot;:&quot;0&quot;}\" data-image-title=\"200px-APT_logo\" data-image-description=\"\" data-image-caption=\"\" data-medium-file=\"https:\/\/i0.wp.com\/www.barcelonaarte.es\/wp-content\/uploads\/200px-APT_logo.png?fit=200%2C25&amp;ssl=1\" data-large-file=\"https:\/\/i0.wp.com\/www.barcelonaarte.es\/wp-content\/uploads\/200px-APT_logo.png?fit=200%2C25&amp;ssl=1\" class=\"alignleft wp-image-427\" src=\"https:\/\/i0.wp.com\/www.barcelonaarte.es\/AIR-redPoint\/wp-content\/uploads\/200px-APT_logo.png?resize=184%2C23\" alt=\"\" width=\"184\" height=\"23\" \/><\/a><a href=\"http:\/\/www.barcelonaarte.com\" target=\"_blank\" rel=\"noopener\"><img data-recalc-dims=\"1\" loading=\"lazy\" decoding=\"async\" data-attachment-id=\"135\" data-permalink=\"https:\/\/www.barcelonaarte.es\/index.php\/logos\/logo\/\" data-orig-file=\"https:\/\/i0.wp.com\/www.barcelonaarte.es\/wp-content\/uploads\/logo.gif?fit=316%2C86&amp;ssl=1\" data-orig-size=\"316,86\" data-comments-opened=\"0\" data-image-meta=\"{&quot;aperture&quot;:&quot;0&quot;,&quot;credit&quot;:&quot;&quot;,&quot;camera&quot;:&quot;&quot;,&quot;caption&quot;:&quot;&quot;,&quot;created_timestamp&quot;:&quot;0&quot;,&quot;copyright&quot;:&quot;&quot;,&quot;focal_length&quot;:&quot;0&quot;,&quot;iso&quot;:&quot;0&quot;,&quot;shutter_speed&quot;:&quot;0&quot;,&quot;title&quot;:&quot;&quot;,&quot;orientation&quot;:&quot;0&quot;}\" data-image-title=\"logo\" data-image-description=\"\" data-image-caption=\"\" data-medium-file=\"https:\/\/i0.wp.com\/www.barcelonaarte.es\/wp-content\/uploads\/logo.gif?fit=316%2C86&amp;ssl=1\" data-large-file=\"https:\/\/i0.wp.com\/www.barcelonaarte.es\/wp-content\/uploads\/logo.gif?fit=316%2C86&amp;ssl=1\" class=\"alignleft wp-image-135\" src=\"https:\/\/i0.wp.com\/www.barcelonaarte.es\/AIR-redPoint\/wp-content\/uploads\/logo.gif?resize=161%2C45\" alt=\"\" width=\"161\" height=\"45\" \/><\/a><a href=\"https:\/\/www.facebook.com\/groups\/378611465540083\/\" target=\"_blank\" rel=\"noopener\"><img data-recalc-dims=\"1\" loading=\"lazy\" decoding=\"async\" data-attachment-id=\"134\" data-permalink=\"https:\/\/www.barcelonaarte.es\/index.php\/logos\/cardiff\/\" data-orig-file=\"https:\/\/i0.wp.com\/www.barcelonaarte.es\/wp-content\/uploads\/cardiff.jpg?fit=614%2C504&amp;ssl=1\" data-orig-size=\"614,504\" data-comments-opened=\"0\" data-image-meta=\"{&quot;aperture&quot;:&quot;0&quot;,&quot;credit&quot;:&quot;&quot;,&quot;camera&quot;:&quot;&quot;,&quot;caption&quot;:&quot;&quot;,&quot;created_timestamp&quot;:&quot;0&quot;,&quot;copyright&quot;:&quot;&quot;,&quot;focal_length&quot;:&quot;0&quot;,&quot;iso&quot;:&quot;0&quot;,&quot;shutter_speed&quot;:&quot;0&quot;,&quot;title&quot;:&quot;&quot;,&quot;orientation&quot;:&quot;0&quot;}\" data-image-title=\"cardiff\" data-image-description=\"\" data-image-caption=\"\" data-medium-file=\"https:\/\/i0.wp.com\/www.barcelonaarte.es\/wp-content\/uploads\/cardiff.jpg?fit=500%2C410&amp;ssl=1\" data-large-file=\"https:\/\/i0.wp.com\/www.barcelonaarte.es\/wp-content\/uploads\/cardiff.jpg?fit=614%2C504&amp;ssl=1\" class=\"alignleft wp-image-134\" src=\"https:\/\/i0.wp.com\/www.barcelonaarte.es\/AIR-redPoint\/wp-content\/uploads\/cardiff.jpg?resize=133%2C114\" alt=\"\" width=\"133\" height=\"114\" \/><\/a><a href=\"http:\/\/www.archieveactionart.org\/\" target=\"_blank\" rel=\"noopener\"><img data-recalc-dims=\"1\" loading=\"lazy\" decoding=\"async\" data-attachment-id=\"132\" data-permalink=\"https:\/\/www.barcelonaarte.es\/index.php\/logos\/actionartlogo\/\" data-orig-file=\"https:\/\/i0.wp.com\/www.barcelonaarte.es\/wp-content\/uploads\/actionartlogo.jpg?fit=74%2C64&amp;ssl=1\" data-orig-size=\"74,64\" data-comments-opened=\"0\" data-image-meta=\"{&quot;aperture&quot;:&quot;0&quot;,&quot;credit&quot;:&quot;&quot;,&quot;camera&quot;:&quot;&quot;,&quot;caption&quot;:&quot;&quot;,&quot;created_timestamp&quot;:&quot;0&quot;,&quot;copyright&quot;:&quot;&quot;,&quot;focal_length&quot;:&quot;0&quot;,&quot;iso&quot;:&quot;0&quot;,&quot;shutter_speed&quot;:&quot;0&quot;,&quot;title&quot;:&quot;&quot;,&quot;orientation&quot;:&quot;0&quot;}\" data-image-title=\"actionartlogo\" data-image-description=\"\" data-image-caption=\"\" data-medium-file=\"https:\/\/i0.wp.com\/www.barcelonaarte.es\/wp-content\/uploads\/actionartlogo.jpg?fit=74%2C64&amp;ssl=1\" data-large-file=\"https:\/\/i0.wp.com\/www.barcelonaarte.es\/wp-content\/uploads\/actionartlogo.jpg?fit=74%2C64&amp;ssl=1\" class=\"alignleft wp-image-132 size-full\" src=\"https:\/\/i0.wp.com\/www.barcelonaarte.es\/wp-content\/uploads\/actionartlogo.jpg?resize=74%2C64\" alt=\"\" width=\"74\" height=\"64\" \/><\/a><a href=\"http:\/\/www.resartis.org\/\" target=\"_blank\" rel=\"noopener\"><img data-recalc-dims=\"1\" loading=\"lazy\" decoding=\"async\" data-attachment-id=\"133\" data-permalink=\"https:\/\/www.barcelonaarte.es\/index.php\/logos\/bodypart\/\" data-orig-file=\"https:\/\/i0.wp.com\/www.barcelonaarte.es\/wp-content\/uploads\/BodyPart.jpg?fit=248%2C111&amp;ssl=1\" data-orig-size=\"248,111\" data-comments-opened=\"0\" data-image-meta=\"{&quot;aperture&quot;:&quot;0&quot;,&quot;credit&quot;:&quot;&quot;,&quot;camera&quot;:&quot;&quot;,&quot;caption&quot;:&quot;&quot;,&quot;created_timestamp&quot;:&quot;0&quot;,&quot;copyright&quot;:&quot;&quot;,&quot;focal_length&quot;:&quot;0&quot;,&quot;iso&quot;:&quot;0&quot;,&quot;shutter_speed&quot;:&quot;0&quot;,&quot;title&quot;:&quot;&quot;,&quot;orientation&quot;:&quot;0&quot;}\" data-image-title=\"res artis\" data-image-description=\"\" data-image-caption=\"\" data-medium-file=\"https:\/\/i0.wp.com\/www.barcelonaarte.es\/wp-content\/uploads\/BodyPart.jpg?fit=248%2C111&amp;ssl=1\" data-large-file=\"https:\/\/i0.wp.com\/www.barcelonaarte.es\/wp-content\/uploads\/BodyPart.jpg?fit=248%2C111&amp;ssl=1\" class=\"alignleft wp-image-133\" src=\"https:\/\/i0.wp.com\/www.barcelonaarte.es\/AIR-redPoint\/wp-content\/uploads\/BodyPart.jpg?resize=190%2C85\" alt=\"\" width=\"190\" height=\"85\" \/><\/a><\/p>\n","protected":false},"excerpt":{"rendered":"<p>\u00abEl prop\u00f3sito es previo a la existencia\u00bb RedPoint residencias de artistas ofrece un artista internacional que trabaja en medios visuales la oportunidad de desarrollar su proceso art\u00edstico. La residencia se encuentra en el coraz\u00f3n art\u00edstico de Barcelona, \u200b\u200brodeada de las<\/p>\n","protected":false},"author":1,"featured_media":0,"parent":0,"menu_order":0,"comment_status":"closed","ping_status":"closed","template":"","meta":{"advanced_seo_description":"","jetpack_seo_html_title":"","jetpack_seo_noindex":false,"footnotes":""},"class_list":["post-67","page","type-page","status-publish","hentry"],"jetpack_sharing_enabled":true,"jetpack_likes_enabled":true,"jetpack-related-posts":[],"jetpack_shortlink":"https:\/\/wp.me\/PgZiUf-15","_links":{"self":[{"href":"https:\/\/www.barcelonaarte.es\/index.php\/wp-json\/wp\/v2\/pages\/67","targetHints":{"allow":["GET"]}}],"collection":[{"href":"https:\/\/www.barcelonaarte.es\/index.php\/wp-json\/wp\/v2\/pages"}],"about":[{"href":"https:\/\/www.barcelonaarte.es\/index.php\/wp-json\/wp\/v2\/types\/page"}],"author":[{"embeddable":true,"href":"https:\/\/www.barcelonaarte.es\/index.php\/wp-json\/wp\/v2\/users\/1"}],"replies":[{"embeddable":true,"href":"https:\/\/www.barcelonaarte.es\/index.php\/wp-json\/wp\/v2\/comments?post=67"}],"version-history":[{"count":30,"href":"https:\/\/www.barcelonaarte.es\/index.php\/wp-json\/wp\/v2\/pages\/67\/revisions"}],"predecessor-version":[{"id":1225,"href":"https:\/\/www.barcelonaarte.es\/index.php\/wp-json\/wp\/v2\/pages\/67\/revisions\/1225"}],"wp:attachment":[{"href":"https:\/\/www.barcelonaarte.es\/index.php\/wp-json\/wp\/v2\/media?parent=67"}],"curies":[{"name":"wp","href":"https:\/\/api.w.org\/{rel}","templated":true}]}}