{"id":71,"date":"2017-04-21T08:38:14","date_gmt":"2017-04-21T08:38:14","guid":{"rendered":"http:\/\/www.barcelonaarte.es\/AIR-redPoint\/?page_id=71"},"modified":"2017-04-21T22:17:42","modified_gmt":"2017-04-21T22:17:42","slug":"descripcion","status":"publish","type":"page","link":"https:\/\/www.barcelonaarte.es\/index.php\/espanol\/descripcion\/","title":{"rendered":"Descripci\u00f3n"},"content":{"rendered":"<p align=\"justify\"><span class=\"textesNaranjaN\">redPoint<\/span> artists residencies permite a artistas internacionales desarrollar su proceso art\u00edstico. La residencia ofrece acceso de hasta tres meses a una habitaci\u00f3n amplia, con luz natural, con cama, escritorio, con Internet, para trabajar cada d\u00eda, y al espacio de taller compartido.<\/p>\n<p>Cada artista puede gestionar las subvenciones que considere oportunas, para lo cu\u00e1l, una vez seleccionado, <span class=\"textesNaranjaN\">redPoint<\/span> artists residencies enviar\u00e1 la carta de invitaci\u00f3n.<\/p>\n<p>Los gastos a cubrir por los residentes son viajes, alojamiento y subsistencia<span class=\"subtitulos\">*<\/span>.<\/p>\n<p>Pueden aplicar artistas en cualquier medio, y de cualquier nacionalidad.<br \/>\nLa residencia selecciona los proyectos, sobre la base de la calidad del trabajo.<\/p>\n<p>Si lo desea, puede contactar por cualquier pregunta acerca de su solicitud, nuestro espacio o de lo que quiere hacer con su tiempo en <span class=\"textesNaranjaN\">redPoint<\/span>.<\/p>\n<p>Existe la posibilidad de realizar una exposici\u00f3n\/evento con el trabajo presentado, y\/o con el trabajo realizado a lo largo de la residencia.<\/p>\n<p><img data-recalc-dims=\"1\" loading=\"lazy\" decoding=\"async\" data-attachment-id=\"533\" data-permalink=\"https:\/\/www.barcelonaarte.es\/index.php\/english\/description\/sliderimage6-2\/\" data-orig-file=\"https:\/\/i0.wp.com\/www.barcelonaarte.es\/wp-content\/uploads\/sliderimage6.jpg?fit=2200%2C633&amp;ssl=1\" data-orig-size=\"2200,633\" data-comments-opened=\"0\" data-image-meta=\"{&quot;aperture&quot;:&quot;0&quot;,&quot;credit&quot;:&quot;&quot;,&quot;camera&quot;:&quot;&quot;,&quot;caption&quot;:&quot;&quot;,&quot;created_timestamp&quot;:&quot;0&quot;,&quot;copyright&quot;:&quot;&quot;,&quot;focal_length&quot;:&quot;0&quot;,&quot;iso&quot;:&quot;0&quot;,&quot;shutter_speed&quot;:&quot;0&quot;,&quot;title&quot;:&quot;&quot;,&quot;orientation&quot;:&quot;0&quot;}\" data-image-title=\"sliderimage6\" data-image-description=\"\" data-image-caption=\"\" data-medium-file=\"https:\/\/i0.wp.com\/www.barcelonaarte.es\/wp-content\/uploads\/sliderimage6.jpg?fit=500%2C144&amp;ssl=1\" data-large-file=\"https:\/\/i0.wp.com\/www.barcelonaarte.es\/wp-content\/uploads\/sliderimage6.jpg?fit=720%2C207&amp;ssl=1\" class=\"aligncenter size-full wp-image-533\" src=\"https:\/\/i0.wp.com\/www.barcelonaarte.es\/AIR-redPoint\/wp-content\/uploads\/sliderimage6.jpg?resize=720%2C207\" alt=\"\" width=\"720\" height=\"207\" srcset=\"https:\/\/i0.wp.com\/www.barcelonaarte.es\/wp-content\/uploads\/sliderimage6.jpg?w=2200&amp;ssl=1 2200w, https:\/\/i0.wp.com\/www.barcelonaarte.es\/wp-content\/uploads\/sliderimage6.jpg?resize=500%2C144&amp;ssl=1 500w, https:\/\/i0.wp.com\/www.barcelonaarte.es\/wp-content\/uploads\/sliderimage6.jpg?resize=768%2C221&amp;ssl=1 768w, https:\/\/i0.wp.com\/www.barcelonaarte.es\/wp-content\/uploads\/sliderimage6.jpg?resize=1600%2C460&amp;ssl=1 1600w, https:\/\/i0.wp.com\/www.barcelonaarte.es\/wp-content\/uploads\/sliderimage6.jpg?w=1440 1440w\" sizes=\"auto, (max-width: 720px) 100vw, 720px\" \/><\/p>\n<p align=\"justify\">El coordinador de\u00a0<span class=\"textesNaranjaN\">redPoint<\/span> es artista y por lo tanto, puede apoyar al artista visitante en todos los aspectos de la residencia: ayudar con todos los requisitos para la investigaci\u00f3n del artista, producci\u00f3n y exhibici\u00f3n y por supuesto ayuda para establecerse en su nuevo entorno, darle a conocer el \u00e1rea local de Barcelona, proporcionar la informaci\u00f3n necesaria para la vida diaria, presentar al artista a otros artistas y profesionales creativos que le permitan desarrollar con eficacia una red que puede conducir a nuevas formas de cooperaci\u00f3n en el futuro.<\/p>\n<p><span class=\"subtitulos\">*<\/span>Tenga en cuenta que es un proyecto de residencias auto financiado en las que los artistas participantes deben obtener sus propios fondos para sufragar el costo de las instalaciones de la residencia, as\u00ed como los gastos de su propio viaje, de producci\u00f3n y de vida. \u00a0Por el momento <span class=\"textesNaranjaN\">redPoint<\/span> no ofrece ninguna subvenci\u00f3n o beca.<\/p>\n","protected":false},"excerpt":{"rendered":"<p>redPoint artists residencies permite a artistas internacionales desarrollar su proceso art\u00edstico. La residencia ofrece acceso de hasta tres meses a una habitaci\u00f3n amplia, con luz natural, con cama, escritorio, con Internet, para trabajar cada d\u00eda, y al espacio de taller<\/p>\n","protected":false},"author":1,"featured_media":0,"parent":67,"menu_order":0,"comment_status":"closed","ping_status":"closed","template":"","meta":{"advanced_seo_description":"","jetpack_seo_html_title":"","jetpack_seo_noindex":false,"footnotes":""},"class_list":["post-71","page","type-page","status-publish","hentry"],"jetpack_sharing_enabled":true,"jetpack_likes_enabled":true,"jetpack-related-posts":[],"jetpack_shortlink":"https:\/\/wp.me\/PgZiUf-19","_links":{"self":[{"href":"https:\/\/www.barcelonaarte.es\/index.php\/wp-json\/wp\/v2\/pages\/71","targetHints":{"allow":["GET"]}}],"collection":[{"href":"https:\/\/www.barcelonaarte.es\/index.php\/wp-json\/wp\/v2\/pages"}],"about":[{"href":"https:\/\/www.barcelonaarte.es\/index.php\/wp-json\/wp\/v2\/types\/page"}],"author":[{"embeddable":true,"href":"https:\/\/www.barcelonaarte.es\/index.php\/wp-json\/wp\/v2\/users\/1"}],"replies":[{"embeddable":true,"href":"https:\/\/www.barcelonaarte.es\/index.php\/wp-json\/wp\/v2\/comments?post=71"}],"version-history":[{"count":5,"href":"https:\/\/www.barcelonaarte.es\/index.php\/wp-json\/wp\/v2\/pages\/71\/revisions"}],"predecessor-version":[{"id":182,"href":"https:\/\/www.barcelonaarte.es\/index.php\/wp-json\/wp\/v2\/pages\/71\/revisions\/182"}],"up":[{"embeddable":true,"href":"https:\/\/www.barcelonaarte.es\/index.php\/wp-json\/wp\/v2\/pages\/67"}],"wp:attachment":[{"href":"https:\/\/www.barcelonaarte.es\/index.php\/wp-json\/wp\/v2\/media?parent=71"}],"curies":[{"name":"wp","href":"https:\/\/api.w.org\/{rel}","templated":true}]}}